{"id":16034,"date":"2019-08-14T19:55:19","date_gmt":"2019-08-14T22:55:19","guid":{"rendered":"http:\/\/www.british.com.br\/site\/?page_id=16034"},"modified":"2019-12-06T17:57:04","modified_gmt":"2019-12-06T20:57:04","slug":"super-british-esponja-leve","status":"publish","type":"page","link":"https:\/\/www.british.com.br\/site\/pt\/super-british-esponja-leve\/","title":{"rendered":"Super British &#8211; Esponja Leve"},"content":{"rendered":"<p>[vc_row full_width=&#8221;stretch_row_content&#8221; css=&#8221;.vc_custom_1550769806015{padding-top: 50px !important;padding-bottom: 50px !important;background: #2d3691 url(http:\/\/www.british.com.br\/site\/wp-content\/uploads\/2019\/01\/topo.esponjas.jpg?id=15475) !important;}&#8221;][vc_column width=&#8221;1\/4&#8243;][\/vc_column][vc_column width=&#8221;1\/2&#8243;][vc_column_text css=&#8221;.vc_custom_1550770121618{background-color: rgba(45,54,145,0.71) !important;*background-color: rgb(45,54,145) !important;}&#8221;]<\/p>\n<h3 style=\"text-align: center;\"><span style=\"color: #ffffff;\">Linha Profissional \/\u00a0 ESPONJAS<\/span><\/h3>\n<p>[\/vc_column_text][\/vc_column][vc_column width=&#8221;1\/4&#8243;][\/vc_column][\/vc_row][vc_row][vc_column][vc_column_text]<br \/>\n[\/vc_column_text][\/vc_column][\/vc_row][vc_row full_width=&#8221;stretch_row&#8221; css=&#8221;.vc_custom_1540842537076{background-color: #ffffff !important;}&#8221;][vc_column width=&#8221;1\/2&#8243;][et_gap][vc_gallery interval=&#8221;3&#8243; images=&#8221;16334,16155&#8243; img_size=&#8221;full&#8221;][et_gallery gallery_type=&#8221;carousel&#8221; gallery_link=&#8221;lightbox&#8221; gallery_column=&#8221;3&#8243; gallery_gap=&#8221;0&#8243;][et_gap][\/vc_column][vc_column width=&#8221;1\/2&#8243;][vc_custom_heading text=&#8221;Esponja Limpeza Leve&#8221; font_container=&#8221;tag:h5|font_size:30px|text_align:left|color:%23dd3333|line_height:40px&#8221; use_theme_fonts=&#8221;yes&#8221; el_class=&#8221;letter-spacing-50 feature-title&#8221; css=&#8221;.vc_custom_1566845034190{margin-bottom: 0px !important;}&#8221;][et_gap][et_tab][et_tab_item active=&#8221;true&#8221; title=&#8221;Descri\u00e7\u00e3o&#8221;][vc_column_text el_class=&#8221;feature-text-left&#8221;]<b>Descri\u00e7\u00e3o\u00a0<\/b><\/p>\n<p>A Esponja de Limpeza Leve limpa sem riscar, sendo ideal para superf\u00edcies delicadas, como cer\u00e2micas, porcelanas, acr\u00edlicos, vidros, inox e outros utens\u00edlios met\u00e1licos. A nova formula\u00e7\u00e3o possui uma nanotecnologia com elementos \u00e0 base de prata que elimina 99,9% das bact\u00e9rias.[\/vc_column_text][\/et_tab_item][et_tab_item active=&#8221;true&#8221; title=&#8221;Especifica\u00e7\u00f5es&#8221;][vc_column_text el_class=&#8221;feature-text-left&#8221;]<\/p>\n<table width=\"775\">\n<tbody>\n<tr>\n<td colspan=\"5\" width=\"775\">\n<h6><strong>Esponja Limpeza Leve Laranja Super British<\/strong><\/h6>\n<\/td>\n<\/tr>\n<tr>\n<td width=\"290\">\n<h6 style=\"text-align: center;\"><strong>Dimens\u00f5es (mm)<\/strong><\/h6>\n<\/td>\n<td style=\"text-align: center;\" width=\"290\">\n<h6><strong>Quantidade por Caixa<\/strong><\/h6>\n<\/td>\n<td style=\"text-align: center;\" width=\"260\">\n<h6><strong>Embalagem<\/strong><\/h6>\n<\/td>\n<td style=\"text-align: center;\" width=\"290\">\n<h6><strong>Dimens\u00f5es da Caixa (mm)<\/strong><\/h6>\n<\/td>\n<td width=\"133\">\n<h6 style=\"text-align: center;\"><strong>Peso Aproximado da Caixa (kg)<\/strong><\/h6>\n<\/td>\n<\/tr>\n<tr>\n<td width=\"127\">\n<h6 style=\"text-align: center;\">75x110x20<\/h6>\n<\/td>\n<td style=\"text-align: center;\" width=\"143\">\n<h6>60<\/h6>\n<\/td>\n<td style=\"text-align: center;\" width=\"260\">\n<h6>Unit\u00e1ria<\/h6>\n<\/td>\n<td style=\"text-align: center;\" width=\"112\">\n<h6>370x250x168<\/h6>\n<\/td>\n<td style=\"text-align: center;\" width=\"133\">\n<h6>0,55<\/h6>\n<\/td>\n<\/tr>\n<tr>\n<td width=\"127\">\n<h6 style=\"text-align: center;\">75x110x20<\/h6>\n<\/td>\n<td style=\"text-align: center;\" width=\"143\">\n<h6>120 (40 pcts c\/ 3)<\/h6>\n<\/td>\n<td style=\"text-align: center;\" width=\"260\">\n<h6>Pacote com 3<\/h6>\n<\/td>\n<td style=\"text-align: center;\" width=\"112\">\n<h6>475x261x253<\/h6>\n<\/td>\n<td width=\"133\">\n<h6 style=\"text-align: center;\">1,05<\/h6>\n<\/td>\n<\/tr>\n<\/tbody>\n<\/table>\n<p>[\/vc_column_text][\/et_tab_item][\/et_tab][\/vc_column][\/vc_row][vc_row][vc_column][vc_single_image image=&#8221;15041&#8243; img_size=&#8221;full&#8221; alignment=&#8221;center&#8221; onclick=&#8221;custom_link&#8221; css_animation=&#8221;bounceInLeft&#8221; link=&#8221;http:\/\/www.british.com.br\/site\/esponjas-2\/&#8221;][\/vc_column][\/vc_row]<\/p>\n","protected":false},"excerpt":{"rendered":"<p>[vc_row full_width=&#8221;stretch_row_content&#8221; css=&#8221;.vc_custom_1550769806015{padding-top: 50px !important;padding-bottom: 50px !important;background: #2d3691 url(http:\/\/www.british.com.br\/site\/wp-content\/uploads\/2019\/01\/topo.esponjas.jpg?id=15475) !important;}&#8221;][vc_column width=&#8221;1\/4&#8243;][\/vc_column][vc_column width=&#8221;1\/2&#8243;][vc_column_text css=&#8221;.vc_custom_1550770121618{background-color: rgba(45,54,145,0.71) !important;*background-color: rgb(45,54,145) !important;}&#8221;] Linha Profissional \/\u00a0 ESPONJAS [\/vc_column_text][\/vc_column][vc_column width=&#8221;1\/4&#8243;][\/vc_column][\/vc_row][vc_row][vc_column][vc_column_text] [\/vc_column_text][\/vc_column][\/vc_row][vc_row full_width=&#8221;stretch_row&#8221; css=&#8221;.vc_custom_1540842537076{background-color: #ffffff !important;}&#8221;][vc_column width=&#8221;1\/2&#8243;][et_gap][vc_gallery interval=&#8221;3&#8243; images=&#8221;16334,16155&#8243; img_size=&#8221;full&#8221;][et_gallery gallery_type=&#8221;carousel&#8221; gallery_link=&#8221;lightbox&#8221; gallery_column=&#8221;3&#8243; gallery_gap=&#8221;0&#8243;][et_gap][\/vc_column][vc_column width=&#8221;1\/2&#8243;][vc_custom_heading text=&#8221;Esponja Limpeza Leve&#8221; font_container=&#8221;tag:h5|font_size:30px|text_align:left|color:%23dd3333|line_height:40px&#8221; use_theme_fonts=&#8221;yes&#8221; el_class=&#8221;letter-spacing-50 feature-title&#8221; css=&#8221;.vc_custom_1566845034190{margin-bottom: 0px !important;}&#8221;][et_gap][et_tab][et_tab_item active=&#8221;true&#8221; title=&#8221;Descri\u00e7\u00e3o&#8221;][vc_column_text el_class=&#8221;feature-text-left&#8221;]Descri\u00e7\u00e3o\u00a0 A Esponja de Limpeza Leve [&hellip;]<\/p>\n","protected":false},"author":4,"featured_media":0,"parent":0,"menu_order":0,"comment_status":"closed","ping_status":"closed","template":"page-vc.php","meta":{"_joinchat":[],"footnotes":""},"class_list":["post-16034","page","type-page","status-publish","hentry"],"yoast_head":"<!-- This site is optimized with the Yoast SEO plugin v26.9 - https:\/\/yoast.com\/product\/yoast-seo-wordpress\/ -->\n<title>Super British - Esponja Leve - British<\/title>\n<meta name=\"robots\" content=\"index, follow, max-snippet:-1, max-image-preview:large, max-video-preview:-1\" \/>\n<link rel=\"canonical\" href=\"https:\/\/www.british.com.br\/site\/pt\/super-british-esponja-leve\/\" \/>\n<meta property=\"og:locale\" content=\"pt_BR\" \/>\n<meta property=\"og:type\" content=\"article\" \/>\n<meta property=\"og:title\" content=\"Super British - Esponja Leve - British\" \/>\n<meta property=\"og:description\" content=\"[vc_row full_width=&#8221;stretch_row_content&#8221; css=&#8221;.vc_custom_1550769806015{padding-top: 50px !important;padding-bottom: 50px !important;background: #2d3691 url(http:\/\/www.british.com.br\/site\/wp-content\/uploads\/2019\/01\/topo.esponjas.jpg?id=15475) !important;}&#8221;][vc_column width=&#8221;1\/4&#8243;][\/vc_column][vc_column width=&#8221;1\/2&#8243;][vc_column_text css=&#8221;.vc_custom_1550770121618{background-color: rgba(45,54,145,0.71) !important;*background-color: rgb(45,54,145) !important;}&#8221;] Linha Profissional \/\u00a0 ESPONJAS [\/vc_column_text][\/vc_column][vc_column width=&#8221;1\/4&#8243;][\/vc_column][\/vc_row][vc_row][vc_column][vc_column_text] [\/vc_column_text][\/vc_column][\/vc_row][vc_row full_width=&#8221;stretch_row&#8221; css=&#8221;.vc_custom_1540842537076{background-color: #ffffff !important;}&#8221;][vc_column width=&#8221;1\/2&#8243;][et_gap][vc_gallery interval=&#8221;3&#8243; images=&#8221;16334,16155&#8243; img_size=&#8221;full&#8221;][et_gallery gallery_type=&#8221;carousel&#8221; gallery_link=&#8221;lightbox&#8221; gallery_column=&#8221;3&#8243; gallery_gap=&#8221;0&#8243;][et_gap][\/vc_column][vc_column width=&#8221;1\/2&#8243;][vc_custom_heading text=&#8221;Esponja Limpeza Leve&#8221; font_container=&#8221;tag:h5|font_size:30px|text_align:left|color:%23dd3333|line_height:40px&#8221; use_theme_fonts=&#8221;yes&#8221; el_class=&#8221;letter-spacing-50 feature-title&#8221; css=&#8221;.vc_custom_1566845034190{margin-bottom: 0px !important;}&#8221;][et_gap][et_tab][et_tab_item active=&#8221;true&#8221; title=&#8221;Descri\u00e7\u00e3o&#8221;][vc_column_text el_class=&#8221;feature-text-left&#8221;]Descri\u00e7\u00e3o\u00a0 A Esponja de Limpeza Leve [&hellip;]\" \/>\n<meta property=\"og:url\" content=\"https:\/\/www.british.com.br\/site\/pt\/super-british-esponja-leve\/\" \/>\n<meta property=\"og:site_name\" content=\"British\" \/>\n<meta property=\"article:publisher\" content=\"https:\/\/www.facebook.com\/BritishAbrasives\/\" \/>\n<meta property=\"article:modified_time\" content=\"2019-12-06T20:57:04+00:00\" \/>\n<meta name=\"twitter:card\" content=\"summary_large_image\" \/>\n<meta name=\"twitter:label1\" content=\"Est. tempo de leitura\" \/>\n\t<meta name=\"twitter:data1\" content=\"2 minutos\" \/>\n<script type=\"application\/ld+json\" class=\"yoast-schema-graph\">{\"@context\":\"https:\/\/schema.org\",\"@graph\":[{\"@type\":\"WebPage\",\"@id\":\"https:\/\/www.british.com.br\/site\/pt\/super-british-esponja-leve\/\",\"url\":\"https:\/\/www.british.com.br\/site\/pt\/super-british-esponja-leve\/\",\"name\":\"Super British - Esponja Leve - British\",\"isPartOf\":{\"@id\":\"https:\/\/www.british.com.br\/site\/#website\"},\"datePublished\":\"2019-08-14T22:55:19+00:00\",\"dateModified\":\"2019-12-06T20:57:04+00:00\",\"breadcrumb\":{\"@id\":\"https:\/\/www.british.com.br\/site\/pt\/super-british-esponja-leve\/#breadcrumb\"},\"inLanguage\":\"pt-BR\",\"potentialAction\":[{\"@type\":\"ReadAction\",\"target\":[\"https:\/\/www.british.com.br\/site\/pt\/super-british-esponja-leve\/\"]}]},{\"@type\":\"BreadcrumbList\",\"@id\":\"https:\/\/www.british.com.br\/site\/pt\/super-british-esponja-leve\/#breadcrumb\",\"itemListElement\":[{\"@type\":\"ListItem\",\"position\":1,\"name\":\"In\u00edcio\",\"item\":\"https:\/\/www.british.com.br\/site\/pt\/british-principal\/\"},{\"@type\":\"ListItem\",\"position\":2,\"name\":\"Super British &#8211; Esponja Leve\"}]},{\"@type\":\"WebSite\",\"@id\":\"https:\/\/www.british.com.br\/site\/#website\",\"url\":\"https:\/\/www.british.com.br\/site\/\",\"name\":\"British\",\"description\":\"Abrasives For a Better World\",\"publisher\":{\"@id\":\"https:\/\/www.british.com.br\/site\/#organization\"},\"potentialAction\":[{\"@type\":\"SearchAction\",\"target\":{\"@type\":\"EntryPoint\",\"urlTemplate\":\"https:\/\/www.british.com.br\/site\/?s={search_term_string}\"},\"query-input\":{\"@type\":\"PropertyValueSpecification\",\"valueRequired\":true,\"valueName\":\"search_term_string\"}}],\"inLanguage\":\"pt-BR\"},{\"@type\":\"Organization\",\"@id\":\"https:\/\/www.british.com.br\/site\/#organization\",\"name\":\"British\",\"url\":\"https:\/\/www.british.com.br\/site\/\",\"logo\":{\"@type\":\"ImageObject\",\"inLanguage\":\"pt-BR\",\"@id\":\"https:\/\/www.british.com.br\/site\/#\/schema\/logo\/image\/\",\"url\":\"https:\/\/www.british.com.br\/site\/wp-content\/uploads\/2018\/10\/LogoTipo-British-3.png\",\"contentUrl\":\"https:\/\/www.british.com.br\/site\/wp-content\/uploads\/2018\/10\/LogoTipo-British-3.png\",\"width\":595,\"height\":272,\"caption\":\"British\"},\"image\":{\"@id\":\"https:\/\/www.british.com.br\/site\/#\/schema\/logo\/image\/\"},\"sameAs\":[\"https:\/\/www.facebook.com\/BritishAbrasives\/\",\"https:\/\/www.linkedin.com\/company\/britishabrasives\",\"https:\/\/www.instagram.com\/britishabrasives\/\"]}]}<\/script>\n<!-- \/ Yoast SEO plugin. -->","yoast_head_json":{"title":"Super British - Esponja Leve - British","robots":{"index":"index","follow":"follow","max-snippet":"max-snippet:-1","max-image-preview":"max-image-preview:large","max-video-preview":"max-video-preview:-1"},"canonical":"https:\/\/www.british.com.br\/site\/pt\/super-british-esponja-leve\/","og_locale":"pt_BR","og_type":"article","og_title":"Super British - Esponja Leve - British","og_description":"[vc_row full_width=&#8221;stretch_row_content&#8221; css=&#8221;.vc_custom_1550769806015{padding-top: 50px !important;padding-bottom: 50px !important;background: #2d3691 url(http:\/\/www.british.com.br\/site\/wp-content\/uploads\/2019\/01\/topo.esponjas.jpg?id=15475) !important;}&#8221;][vc_column width=&#8221;1\/4&#8243;][\/vc_column][vc_column width=&#8221;1\/2&#8243;][vc_column_text css=&#8221;.vc_custom_1550770121618{background-color: rgba(45,54,145,0.71) !important;*background-color: rgb(45,54,145) !important;}&#8221;] Linha Profissional \/\u00a0 ESPONJAS [\/vc_column_text][\/vc_column][vc_column width=&#8221;1\/4&#8243;][\/vc_column][\/vc_row][vc_row][vc_column][vc_column_text] [\/vc_column_text][\/vc_column][\/vc_row][vc_row full_width=&#8221;stretch_row&#8221; css=&#8221;.vc_custom_1540842537076{background-color: #ffffff !important;}&#8221;][vc_column width=&#8221;1\/2&#8243;][et_gap][vc_gallery interval=&#8221;3&#8243; images=&#8221;16334,16155&#8243; img_size=&#8221;full&#8221;][et_gallery gallery_type=&#8221;carousel&#8221; gallery_link=&#8221;lightbox&#8221; gallery_column=&#8221;3&#8243; gallery_gap=&#8221;0&#8243;][et_gap][\/vc_column][vc_column width=&#8221;1\/2&#8243;][vc_custom_heading text=&#8221;Esponja Limpeza Leve&#8221; font_container=&#8221;tag:h5|font_size:30px|text_align:left|color:%23dd3333|line_height:40px&#8221; use_theme_fonts=&#8221;yes&#8221; el_class=&#8221;letter-spacing-50 feature-title&#8221; css=&#8221;.vc_custom_1566845034190{margin-bottom: 0px !important;}&#8221;][et_gap][et_tab][et_tab_item active=&#8221;true&#8221; title=&#8221;Descri\u00e7\u00e3o&#8221;][vc_column_text el_class=&#8221;feature-text-left&#8221;]Descri\u00e7\u00e3o\u00a0 A Esponja de Limpeza Leve [&hellip;]","og_url":"https:\/\/www.british.com.br\/site\/pt\/super-british-esponja-leve\/","og_site_name":"British","article_publisher":"https:\/\/www.facebook.com\/BritishAbrasives\/","article_modified_time":"2019-12-06T20:57:04+00:00","twitter_card":"summary_large_image","twitter_misc":{"Est. tempo de leitura":"2 minutos"},"schema":{"@context":"https:\/\/schema.org","@graph":[{"@type":"WebPage","@id":"https:\/\/www.british.com.br\/site\/pt\/super-british-esponja-leve\/","url":"https:\/\/www.british.com.br\/site\/pt\/super-british-esponja-leve\/","name":"Super British - Esponja Leve - British","isPartOf":{"@id":"https:\/\/www.british.com.br\/site\/#website"},"datePublished":"2019-08-14T22:55:19+00:00","dateModified":"2019-12-06T20:57:04+00:00","breadcrumb":{"@id":"https:\/\/www.british.com.br\/site\/pt\/super-british-esponja-leve\/#breadcrumb"},"inLanguage":"pt-BR","potentialAction":[{"@type":"ReadAction","target":["https:\/\/www.british.com.br\/site\/pt\/super-british-esponja-leve\/"]}]},{"@type":"BreadcrumbList","@id":"https:\/\/www.british.com.br\/site\/pt\/super-british-esponja-leve\/#breadcrumb","itemListElement":[{"@type":"ListItem","position":1,"name":"In\u00edcio","item":"https:\/\/www.british.com.br\/site\/pt\/british-principal\/"},{"@type":"ListItem","position":2,"name":"Super British &#8211; Esponja Leve"}]},{"@type":"WebSite","@id":"https:\/\/www.british.com.br\/site\/#website","url":"https:\/\/www.british.com.br\/site\/","name":"British","description":"Abrasives For a Better World","publisher":{"@id":"https:\/\/www.british.com.br\/site\/#organization"},"potentialAction":[{"@type":"SearchAction","target":{"@type":"EntryPoint","urlTemplate":"https:\/\/www.british.com.br\/site\/?s={search_term_string}"},"query-input":{"@type":"PropertyValueSpecification","valueRequired":true,"valueName":"search_term_string"}}],"inLanguage":"pt-BR"},{"@type":"Organization","@id":"https:\/\/www.british.com.br\/site\/#organization","name":"British","url":"https:\/\/www.british.com.br\/site\/","logo":{"@type":"ImageObject","inLanguage":"pt-BR","@id":"https:\/\/www.british.com.br\/site\/#\/schema\/logo\/image\/","url":"https:\/\/www.british.com.br\/site\/wp-content\/uploads\/2018\/10\/LogoTipo-British-3.png","contentUrl":"https:\/\/www.british.com.br\/site\/wp-content\/uploads\/2018\/10\/LogoTipo-British-3.png","width":595,"height":272,"caption":"British"},"image":{"@id":"https:\/\/www.british.com.br\/site\/#\/schema\/logo\/image\/"},"sameAs":["https:\/\/www.facebook.com\/BritishAbrasives\/","https:\/\/www.linkedin.com\/company\/britishabrasives","https:\/\/www.instagram.com\/britishabrasives\/"]}]}},"_links":{"self":[{"href":"https:\/\/www.british.com.br\/site\/wp-json\/wp\/v2\/pages\/16034","targetHints":{"allow":["GET"]}}],"collection":[{"href":"https:\/\/www.british.com.br\/site\/wp-json\/wp\/v2\/pages"}],"about":[{"href":"https:\/\/www.british.com.br\/site\/wp-json\/wp\/v2\/types\/page"}],"author":[{"embeddable":true,"href":"https:\/\/www.british.com.br\/site\/wp-json\/wp\/v2\/users\/4"}],"replies":[{"embeddable":true,"href":"https:\/\/www.british.com.br\/site\/wp-json\/wp\/v2\/comments?post=16034"}],"version-history":[{"count":9,"href":"https:\/\/www.british.com.br\/site\/wp-json\/wp\/v2\/pages\/16034\/revisions"}],"predecessor-version":[{"id":16335,"href":"https:\/\/www.british.com.br\/site\/wp-json\/wp\/v2\/pages\/16034\/revisions\/16335"}],"wp:attachment":[{"href":"https:\/\/www.british.com.br\/site\/wp-json\/wp\/v2\/media?parent=16034"}],"curies":[{"name":"wp","href":"https:\/\/api.w.org\/{rel}","templated":true}]}}